{"id":11036,"date":"2021-11-19T22:12:25","date_gmt":"2021-11-19T22:12:25","guid":{"rendered":"https:\/\/probarranquilla.org\/?page_id=11036"},"modified":"2021-11-24T21:11:43","modified_gmt":"2021-11-24T21:11:43","slug":"materiales-de-construccion-2","status":"publish","type":"page","link":"https:\/\/probarranquilla.org\/en\/materiales-de-construccion-2\/","title":{"rendered":"Materiales de construcci\u00f3n"},"content":{"rendered":"<section class=\"wpb-content-wrapper\"><div data-vc-full-width=\"true\" data-vc-full-width-init=\"false\" class=\"vc_row wpb_row vc_row-fluid vc_custom_1637360638741 vc_custom_1637360638742 vc_custom_1637360638743 vc_row-has-fill vc_row-has-padding-top vc_row-has-padding-bottom vc_row-bg-position-top\"><div class=\"wpb_column vc_column_container vc_col-sm-12\"><div class=\"vc_column-inner vc_custom_1516115464846\"><div class=\"wpb_wrapper\"><div class=\"vc_row wpb_row vc_inner vc_row-fluid vc_row-bg-position-top\"><div class=\"wpb_column vc_column_container vc_col-sm-8\"><div class=\"vc_column-inner\"><div class=\"wpb_wrapper\"><header class=\"kd-section-title col-lg-12 text-left  subtitle-below-title kd-animated fadeIn   vc_custom_1637788184564\" data-animation-delay=\"200\"><h1 class=\"separator_off\" style=\"color: #ffffff;font-weight: 700;margin-bottom:30px;\">Materiales de construcci\u00f3n<\/h1><h6 class=\"subtitle\" style=\"color: #ffffff;font-size:17px;\">El sector de la construcci\u00f3n en Barranquilla al finalizar el a\u00f1o 2020 <br>se caracteriza por contar con m\u00e1s de 1.646.600 m2 de \u00e1rea por <br> desarrollar en los corredores industriales, en donde los proyectos <br> hechos a la medida representan m\u00e1s del 50% del \u00e1rea.<\/h6><\/header><\/div><\/div><\/div><\/div><\/div><\/div><\/div><\/div><div class=\"vc_row-full-width vc_clearfix\"><\/div><div class=\"vc_row wpb_row vc_row-fluid vc_custom_1599038698298 vc_row-has-padding-top vc_row-bg-position-top\"><div class=\"wpb_column vc_column_container vc_col-sm-12\"><div class=\"vc_column-inner\"><div class=\"wpb_wrapper\"><header class=\"kd-section-title col-lg-12 text-center  subtitle-above-title kd-animated fadeIn   vc_custom_1637788208852\" data-animation-delay=\"200\"><h1 class=\"separator_off\" style=\"color: #27388d;line-height: 52px;\">El dinamismo de este sector est\u00e1 representado por la construcci\u00f3n de parques industriales, centros empresariales, bodegas, centros comerciales y de ocio, viviendas en tipo edificaciones y conjuntos residenciales de casas<\/h1><\/header><div class=\"vc_row wpb_row vc_inner vc_row-fluid vc_custom_1599214779963 vc_custom_1599214779965 vc_row-has-padding-top vc_row-has-padding-bottom vc_row-bg-position-top vc_row-o-content-middle vc_row-flex\"><div class=\"wpb_column vc_column_container vc_col-sm-12 vc_col-lg-offset-0 vc_col-lg-6 vc_col-md-offset-0 vc_col-sm-offset-0\"><div class=\"vc_column-inner vc_custom_1599032090530 vc_custom_1599032090532 vc_custom_1599032090533 vc_custom_1599032090534\"><div class=\"wpb_wrapper\"><div class=\"kd-photo-group group-layout-right-left large-shadow enable-parallax\">\n                <div class=\"kd-group-image first-image-wrapper\"><div class=\"kd-group-image-animation kd-animated fadeInUp\" data-animation-delay=\"200\"><img loading=\"lazy\" decoding=\"async\" class=\"photo-group-img\" src=\"https:\/\/www.swaytheme.com\/static\/wp-content\/uploads\/sites\/3\/2020\/08\/corporate2.jpg\" alt=\"\" width=\"370\" height=\"420\" \/><\/div><\/div>\n                <div class=\"kd-group-image second-image-wrapper\" style=\"bottom: 15%;\"><div class=\"kd-group-image-animation kd-animated fadeInDown\" data-animation-delay=\"200\"><img loading=\"lazy\" decoding=\"async\" class=\"photo-group-img\" src=\"https:\/\/www.swaytheme.com\/static\/wp-content\/uploads\/sites\/3\/2020\/08\/corporate3.jpg\" alt=\"\" width=\"370\" height=\"420\" \/><\/div><\/div>\n            <\/div><div class=\"kd-shapes shape_dots with-parallax kd-animated zoomIn\" style=\"top: -10px;right: -10px;width: 172px;height: 173px;background-color: #61e49b;\" data-parallax-speed=\"-0.05\" data-animation-delay=\"400\"><\/div><div class=\"kd-shapes shape_dots with-parallax kd-animated zoomIn\" style=\"bottom: -80px;left: -54px;width: 340px;height: 173px;\" data-parallax-speed=\"-0.05\" data-animation-delay=\"400\"><\/div><\/div><\/div><\/div><div class=\"wpb_column vc_column_container vc_col-sm-12 vc_col-lg-6\"><div class=\"vc_column-inner vc_custom_1599031893723  vc_custom_1599031893725 vc_custom_1599031893726\"><div class=\"wpb_wrapper\"><header class=\"kd-section-title col-lg-12 text-left  subtitle-below-title kd-animated fadeIn   vc_custom_1637361049591\" data-animation-delay=\"200\"><h3 class=\"separator_off\" style=\"margin-bottom:30px;\">En el dpto. del Atl\u00e1ntico est\u00e1n ubicadas varias empresas del sector de materiales de construcci\u00f3n as\u00ed como de la industria del acero que se convierten en un insumo importante para el desarrollo de proyectos de construcci\u00f3n.<\/h3><\/header><\/div><\/div><\/div><\/div><\/div><\/div><\/div><\/div>\n<\/section>","protected":false},"excerpt":{"rendered":"Materiales de construcci\u00f3nEl sector de la construcci\u00f3n en Barranquilla al finalizar el a\u00f1o 2020 se caracteriza por contar con m\u00e1s de 1.646.600 m2 de \u00e1rea por desarrollar en los corredores industriales, en donde los proyectos hechos a la medida representan [...]","protected":false},"author":1,"featured_media":0,"parent":0,"menu_order":0,"comment_status":"closed","ping_status":"closed","template":"","meta":{"_tec_requires_first_save":true,"_EventAllDay":false,"_EventTimezone":"","_EventStartDate":"","_EventEndDate":"","_EventStartDateUTC":"","_EventEndDateUTC":"","_EventShowMap":false,"_EventShowMapLink":false,"_EventURL":"","_EventCost":"","_EventCostDescription":"","_EventCurrencySymbol":"","_EventCurrencyCode":"","_EventCurrencyPosition":"","_EventDateTimeSeparator":"","_EventTimeRangeSeparator":"","_EventOrganizerID":[],"_EventVenueID":[],"_OrganizerEmail":"","_OrganizerPhone":"","_OrganizerWebsite":"","_VenueAddress":"","_VenueCity":"","_VenueCountry":"","_VenueProvince":"","_VenueState":"","_VenueZip":"","_VenuePhone":"","_VenueURL":"","_VenueStateProvince":"","_VenueLat":"","_VenueLng":"","_VenueShowMap":false,"_VenueShowMapLink":false,"_tribe_blocks_recurrence_rules":"","_tribe_blocks_recurrence_description":"","_tribe_blocks_recurrence_exclusions":"","footnotes":""},"class_list":["post-11036","page","type-page","status-publish","hentry"],"acf":[],"yoast_head":"<!-- This site is optimized with the Yoast SEO plugin v27.5 - https:\/\/yoast.com\/product\/yoast-seo-wordpress\/ -->\n<title>Materiales de construcci\u00f3n | ProBarranquilla<\/title>\n<meta name=\"robots\" content=\"index, follow, max-snippet:-1, max-image-preview:large, max-video-preview:-1\" \/>\n<link rel=\"canonical\" href=\"https:\/\/probarranquilla.org\/en\/materiales-de-construccion-2\/\" \/>\n<meta property=\"og:locale\" content=\"en_US\" \/>\n<meta property=\"og:type\" content=\"article\" \/>\n<meta property=\"og:title\" content=\"Materiales de construcci\u00f3n | ProBarranquilla\" \/>\n<meta property=\"og:url\" content=\"https:\/\/probarranquilla.org\/en\/materiales-de-construccion-2\/\" \/>\n<meta property=\"og:site_name\" content=\"ProBarranquilla\" \/>\n<meta property=\"article:publisher\" content=\"https:\/\/www.facebook.com\/ProBarranquilla\/\" \/>\n<meta property=\"article:modified_time\" content=\"2021-11-24T21:11:43+00:00\" \/>\n<meta property=\"og:image\" content=\"https:\/\/probarranquilla.org\/wp-content\/uploads\/2022\/08\/redes-sociales-probaq-1.png\" \/>\n\t<meta property=\"og:image:width\" content=\"500\" \/>\n\t<meta property=\"og:image:height\" content=\"250\" \/>\n\t<meta property=\"og:image:type\" content=\"image\/png\" \/>\n<meta name=\"twitter:card\" content=\"summary_large_image\" \/>\n<meta name=\"twitter:site\" content=\"@ProBaq\" \/>\n<meta name=\"twitter:label1\" content=\"Est. reading time\" \/>\n\t<meta name=\"twitter:data1\" content=\"3 minutes\" \/>\n<script type=\"application\/ld+json\" class=\"yoast-schema-graph\">{\"@context\":\"https:\\\/\\\/schema.org\",\"@graph\":[{\"@type\":\"WebPage\",\"@id\":\"https:\\\/\\\/probarranquilla.org\\\/materiales-de-construccion-2\\\/\",\"url\":\"https:\\\/\\\/probarranquilla.org\\\/materiales-de-construccion-2\\\/\",\"name\":\"Materiales de construcci\u00f3n | ProBarranquilla\",\"isPartOf\":{\"@id\":\"https:\\\/\\\/probarranquilla.org\\\/#website\"},\"datePublished\":\"2021-11-19T22:12:25+00:00\",\"dateModified\":\"2021-11-24T21:11:43+00:00\",\"breadcrumb\":{\"@id\":\"https:\\\/\\\/probarranquilla.org\\\/materiales-de-construccion-2\\\/#breadcrumb\"},\"inLanguage\":\"en-US\",\"potentialAction\":[{\"@type\":\"ReadAction\",\"target\":[\"https:\\\/\\\/probarranquilla.org\\\/materiales-de-construccion-2\\\/\"]}]},{\"@type\":\"BreadcrumbList\",\"@id\":\"https:\\\/\\\/probarranquilla.org\\\/materiales-de-construccion-2\\\/#breadcrumb\",\"itemListElement\":[{\"@type\":\"ListItem\",\"position\":1,\"name\":\"Inicio\",\"item\":\"https:\\\/\\\/probarranquilla.org\\\/\"},{\"@type\":\"ListItem\",\"position\":2,\"name\":\"Materiales de construcci\u00f3n\"}]},{\"@type\":\"WebSite\",\"@id\":\"https:\\\/\\\/probarranquilla.org\\\/#website\",\"url\":\"https:\\\/\\\/probarranquilla.org\\\/\",\"name\":\"ProBarranquilla\",\"description\":\"ProBarranquilla\",\"publisher\":{\"@id\":\"https:\\\/\\\/probarranquilla.org\\\/#organization\"},\"potentialAction\":[{\"@type\":\"SearchAction\",\"target\":{\"@type\":\"EntryPoint\",\"urlTemplate\":\"https:\\\/\\\/probarranquilla.org\\\/?s={search_term_string}\"},\"query-input\":{\"@type\":\"PropertyValueSpecification\",\"valueRequired\":true,\"valueName\":\"search_term_string\"}}],\"inLanguage\":\"en-US\"},{\"@type\":\"Organization\",\"@id\":\"https:\\\/\\\/probarranquilla.org\\\/#organization\",\"name\":\"ProBarranquilla\",\"url\":\"https:\\\/\\\/probarranquilla.org\\\/\",\"logo\":{\"@type\":\"ImageObject\",\"inLanguage\":\"en-US\",\"@id\":\"https:\\\/\\\/probarranquilla.org\\\/#\\\/schema\\\/logo\\\/image\\\/\",\"url\":\"https:\\\/\\\/9pcc8a.p3cdn1.secureserver.net\\\/wp-content\\\/uploads\\\/2022\\\/08\\\/redes-sociales-probaq-1.png?time=1669419395\",\"contentUrl\":\"https:\\\/\\\/9pcc8a.p3cdn1.secureserver.net\\\/wp-content\\\/uploads\\\/2022\\\/08\\\/redes-sociales-probaq-1.png?time=1669419395\",\"width\":500,\"height\":250,\"caption\":\"ProBarranquilla\"},\"image\":{\"@id\":\"https:\\\/\\\/probarranquilla.org\\\/#\\\/schema\\\/logo\\\/image\\\/\"},\"sameAs\":[\"https:\\\/\\\/www.facebook.com\\\/ProBarranquilla\\\/\",\"https:\\\/\\\/x.com\\\/ProBaq\"]}]}<\/script>\n<!-- \/ Yoast SEO plugin. -->","yoast_head_json":{"title":"Materiales de construcci\u00f3n | ProBarranquilla","robots":{"index":"index","follow":"follow","max-snippet":"max-snippet:-1","max-image-preview":"max-image-preview:large","max-video-preview":"max-video-preview:-1"},"canonical":"https:\/\/probarranquilla.org\/en\/materiales-de-construccion-2\/","og_locale":"en_US","og_type":"article","og_title":"Materiales de construcci\u00f3n | ProBarranquilla","og_url":"https:\/\/probarranquilla.org\/en\/materiales-de-construccion-2\/","og_site_name":"ProBarranquilla","article_publisher":"https:\/\/www.facebook.com\/ProBarranquilla\/","article_modified_time":"2021-11-24T21:11:43+00:00","og_image":[{"width":500,"height":250,"url":"https:\/\/probarranquilla.org\/wp-content\/uploads\/2022\/08\/redes-sociales-probaq-1.png","type":"image\/png"}],"twitter_card":"summary_large_image","twitter_site":"@ProBaq","twitter_misc":{"Est. reading time":"3 minutes"},"schema":{"@context":"https:\/\/schema.org","@graph":[{"@type":"WebPage","@id":"https:\/\/probarranquilla.org\/materiales-de-construccion-2\/","url":"https:\/\/probarranquilla.org\/materiales-de-construccion-2\/","name":"Materiales de construcci\u00f3n | ProBarranquilla","isPartOf":{"@id":"https:\/\/probarranquilla.org\/#website"},"datePublished":"2021-11-19T22:12:25+00:00","dateModified":"2021-11-24T21:11:43+00:00","breadcrumb":{"@id":"https:\/\/probarranquilla.org\/materiales-de-construccion-2\/#breadcrumb"},"inLanguage":"en-US","potentialAction":[{"@type":"ReadAction","target":["https:\/\/probarranquilla.org\/materiales-de-construccion-2\/"]}]},{"@type":"BreadcrumbList","@id":"https:\/\/probarranquilla.org\/materiales-de-construccion-2\/#breadcrumb","itemListElement":[{"@type":"ListItem","position":1,"name":"Inicio","item":"https:\/\/probarranquilla.org\/"},{"@type":"ListItem","position":2,"name":"Materiales de construcci\u00f3n"}]},{"@type":"WebSite","@id":"https:\/\/probarranquilla.org\/#website","url":"https:\/\/probarranquilla.org\/","name":"ProBarranquilla","description":"ProBarranquilla","publisher":{"@id":"https:\/\/probarranquilla.org\/#organization"},"potentialAction":[{"@type":"SearchAction","target":{"@type":"EntryPoint","urlTemplate":"https:\/\/probarranquilla.org\/?s={search_term_string}"},"query-input":{"@type":"PropertyValueSpecification","valueRequired":true,"valueName":"search_term_string"}}],"inLanguage":"en-US"},{"@type":"Organization","@id":"https:\/\/probarranquilla.org\/#organization","name":"ProBarranquilla","url":"https:\/\/probarranquilla.org\/","logo":{"@type":"ImageObject","inLanguage":"en-US","@id":"https:\/\/probarranquilla.org\/#\/schema\/logo\/image\/","url":"https:\/\/9pcc8a.p3cdn1.secureserver.net\/wp-content\/uploads\/2022\/08\/redes-sociales-probaq-1.png?time=1669419395","contentUrl":"https:\/\/9pcc8a.p3cdn1.secureserver.net\/wp-content\/uploads\/2022\/08\/redes-sociales-probaq-1.png?time=1669419395","width":500,"height":250,"caption":"ProBarranquilla"},"image":{"@id":"https:\/\/probarranquilla.org\/#\/schema\/logo\/image\/"},"sameAs":["https:\/\/www.facebook.com\/ProBarranquilla\/","https:\/\/x.com\/ProBaq"]}]}},"_links":{"self":[{"href":"https:\/\/probarranquilla.org\/en\/wp-json\/wp\/v2\/pages\/11036","targetHints":{"allow":["GET"]}}],"collection":[{"href":"https:\/\/probarranquilla.org\/en\/wp-json\/wp\/v2\/pages"}],"about":[{"href":"https:\/\/probarranquilla.org\/en\/wp-json\/wp\/v2\/types\/page"}],"author":[{"embeddable":true,"href":"https:\/\/probarranquilla.org\/en\/wp-json\/wp\/v2\/users\/1"}],"replies":[{"embeddable":true,"href":"https:\/\/probarranquilla.org\/en\/wp-json\/wp\/v2\/comments?post=11036"}],"version-history":[{"count":0,"href":"https:\/\/probarranquilla.org\/en\/wp-json\/wp\/v2\/pages\/11036\/revisions"}],"wp:attachment":[{"href":"https:\/\/probarranquilla.org\/en\/wp-json\/wp\/v2\/media?parent=11036"}],"curies":[{"name":"wp","href":"https:\/\/api.w.org\/{rel}","templated":true}]}}

Materiales de construcción

<section class="wpb-content-wrapper"><div data-vc-full-width="true" data-vc-full-width-init="false" class="vc_row wpb_row vc_row-fluid vc_custom_1637360638741 vc_custom_1637360638742 vc_custom_1637360638743 vc_row-has-fill vc_row-has-padding-top vc_row-has-padding-bottom vc_row-bg-position-top"><div class="wpb_column vc_column_container vc_col-sm-12"><div class="vc_column-inner vc_custom_1516115464846"><div class="wpb_wrapper"><div class="vc_row wpb_row vc_inner vc_row-fluid vc_row-bg-position-top"><div class="wpb_column vc_column_container vc_col-sm-8"><div class="vc_column-inner"><div class="wpb_wrapper"><header class="kd-section-title col-lg-12 text-left  subtitle-below-title kd-animated fadeIn   vc_custom_1637788184564" data-animation-delay="200"><h1 class="separator_off" style="color: #ffffff;font-weight: 700;margin-bottom:30px;">Materiales de construcción</h1><h6 class="subtitle" style="color: #ffffff;font-size:17px;">El sector de la construcción en Barranquilla al finalizar el año 2020 <br>se caracteriza por contar con más de 1.646.600 m2 de área por <br> desarrollar en los corredores industriales, en donde los proyectos <br> hechos a la medida representan más del 50% del área.</h6></header></div></div></div></div></div></div></div></div><div class="vc_row-full-width vc_clearfix"></div><div class="vc_row wpb_row vc_row-fluid vc_custom_1599038698298 vc_row-has-padding-top vc_row-bg-position-top"><div class="wpb_column vc_column_container vc_col-sm-12"><div class="vc_column-inner"><div class="wpb_wrapper"><header class="kd-section-title col-lg-12 text-center  subtitle-above-title kd-animated fadeIn   vc_custom_1637788208852" data-animation-delay="200"><h1 class="separator_off" style="color: #27388d;line-height: 52px;">El dinamismo de este sector está representado por la construcción de parques industriales, centros empresariales, bodegas, centros comerciales y de ocio, viviendas en tipo edificaciones y conjuntos residenciales de casas</h1></header><div class="vc_row wpb_row vc_inner vc_row-fluid vc_custom_1599214779963 vc_custom_1599214779965 vc_row-has-padding-top vc_row-has-padding-bottom vc_row-bg-position-top vc_row-o-content-middle vc_row-flex"><div class="wpb_column vc_column_container vc_col-sm-12 vc_col-lg-offset-0 vc_col-lg-6 vc_col-md-offset-0 vc_col-sm-offset-0"><div class="vc_column-inner vc_custom_1599032090530 vc_custom_1599032090532 vc_custom_1599032090533 vc_custom_1599032090534"><div class="wpb_wrapper"><div class="kd-photo-group group-layout-right-left large-shadow enable-parallax">
                <div class="kd-group-image first-image-wrapper"><div class="kd-group-image-animation kd-animated fadeInUp" data-animation-delay="200"><img loading="lazy" decoding="async" class="photo-group-img" src="https://www.swaytheme.com/static/wp-content/uploads/sites/3/2020/08/corporate2.jpg" alt="" width="370" height="420" /></div></div>
                <div class="kd-group-image second-image-wrapper" style="bottom: 15%;"><div class="kd-group-image-animation kd-animated fadeInDown" data-animation-delay="200"><img loading="lazy" decoding="async" class="photo-group-img" src="https://www.swaytheme.com/static/wp-content/uploads/sites/3/2020/08/corporate3.jpg" alt="" width="370" height="420" /></div></div>
            </div><div class="kd-shapes shape_dots with-parallax kd-animated zoomIn" style="top: -10px;right: -10px;width: 172px;height: 173px;background-color: #61e49b;" data-parallax-speed="-0.05" data-animation-delay="400"></div><div class="kd-shapes shape_dots with-parallax kd-animated zoomIn" style="bottom: -80px;left: -54px;width: 340px;height: 173px;" data-parallax-speed="-0.05" data-animation-delay="400"></div></div></div></div><div class="wpb_column vc_column_container vc_col-sm-12 vc_col-lg-6"><div class="vc_column-inner vc_custom_1599031893723  vc_custom_1599031893725 vc_custom_1599031893726"><div class="wpb_wrapper"><header class="kd-section-title col-lg-12 text-left  subtitle-below-title kd-animated fadeIn   vc_custom_1637361049591" data-animation-delay="200"><h3 class="separator_off" style="margin-bottom:30px;">En el dpto. del Atlántico están ubicadas varias empresas del sector de materiales de construcción así como de la industria del acero que se convierten en un insumo importante para el desarrollo de proyectos de construcción.</h3></header></div></div></div></div></div></div></div></div>
</section>

Materiales de construcciónEl sector de la construcción en Barranquilla al finalizar el año 2020 se caracteriza por contar con más de 1.646.600 m2 de área por desarrollar en los corredores industriales, en donde los proyectos hechos a la medida representan [...]

<!-- This site is optimized with the Yoast SEO plugin v27.5 - https://yoast.com/product/yoast-seo-wordpress/ -->
<title>Materiales de construcción | ProBarranquilla</title>
<meta name="robots" content="index, follow, max-snippet:-1, max-image-preview:large, max-video-preview:-1" />
<link rel="canonical" href="https://probarranquilla.org/en/materiales-de-construccion-2/" />
<meta property="og:locale" content="en_US" />
<meta property="og:type" content="article" />
<meta property="og:title" content="Materiales de construcción | ProBarranquilla" />
<meta property="og:url" content="https://probarranquilla.org/en/materiales-de-construccion-2/" />
<meta property="og:site_name" content="ProBarranquilla" />
<meta property="article:publisher" content="https://www.facebook.com/ProBarranquilla/" />
<meta property="article:modified_time" content="2021-11-24T21:11:43+00:00" />
<meta property="og:image" content="https://probarranquilla.org/wp-content/uploads/2022/08/redes-sociales-probaq-1.png" />
	<meta property="og:image:width" content="500" />
	<meta property="og:image:height" content="250" />
	<meta property="og:image:type" content="image/png" />
<meta name="twitter:card" content="summary_large_image" />
<meta name="twitter:site" content="@ProBaq" />
<meta name="twitter:label1" content="Est. reading time" />
	<meta name="twitter:data1" content="3 minutes" />
<script type="application/ld+json" class="yoast-schema-graph">{"@context":"https:\/\/schema.org","@graph":[{"@type":"WebPage","@id":"https:\/\/probarranquilla.org\/materiales-de-construccion-2\/","url":"https:\/\/probarranquilla.org\/materiales-de-construccion-2\/","name":"Materiales de construcción | ProBarranquilla","isPartOf":{"@id":"https:\/\/probarranquilla.org\/#website"},"datePublished":"2021-11-19T22:12:25+00:00","dateModified":"2021-11-24T21:11:43+00:00","breadcrumb":{"@id":"https:\/\/probarranquilla.org\/materiales-de-construccion-2\/#breadcrumb"},"inLanguage":"en-US","potentialAction":[{"@type":"ReadAction","target":["https:\/\/probarranquilla.org\/materiales-de-construccion-2\/"]}]},{"@type":"BreadcrumbList","@id":"https:\/\/probarranquilla.org\/materiales-de-construccion-2\/#breadcrumb","itemListElement":[{"@type":"ListItem","position":1,"name":"Inicio","item":"https:\/\/probarranquilla.org\/"},{"@type":"ListItem","position":2,"name":"Materiales de construcción"}]},{"@type":"WebSite","@id":"https:\/\/probarranquilla.org\/#website","url":"https:\/\/probarranquilla.org\/","name":"ProBarranquilla","description":"ProBarranquilla","publisher":{"@id":"https:\/\/probarranquilla.org\/#organization"},"potentialAction":[{"@type":"SearchAction","target":{"@type":"EntryPoint","urlTemplate":"https:\/\/probarranquilla.org\/?s={search_term_string}"},"query-input":{"@type":"PropertyValueSpecification","valueRequired":true,"valueName":"search_term_string"}}],"inLanguage":"en-US"},{"@type":"Organization","@id":"https:\/\/probarranquilla.org\/#organization","name":"ProBarranquilla","url":"https:\/\/probarranquilla.org\/","logo":{"@type":"ImageObject","inLanguage":"en-US","@id":"https:\/\/probarranquilla.org\/#\/schema\/logo\/image\/","url":"https:\/\/9pcc8a.p3cdn1.secureserver.net\/wp-content\/uploads\/2022\/08\/redes-sociales-probaq-1.png?time=1669419395","contentUrl":"https:\/\/9pcc8a.p3cdn1.secureserver.net\/wp-content\/uploads\/2022\/08\/redes-sociales-probaq-1.png?time=1669419395","width":500,"height":250,"caption":"ProBarranquilla"},"image":{"@id":"https:\/\/probarranquilla.org\/#\/schema\/logo\/image\/"},"sameAs":["https:\/\/www.facebook.com\/ProBarranquilla\/","https:\/\/x.com\/ProBaq"]}]}</script>
<!-- / Yoast SEO plugin. -->

Materiales de construcción | ProBarranquilla
